
Evaluate (299 - 284) + 13 + 1.
29
What is 25 + (4 - (-1 - (-3 + -3)) - 6)?
18
(-6 - (-3 - 9)) + (-2 - 0) + -1
3
What is -6 + (5 - -7) + (12 - 22)?
-4
Calculate (32 - 3) + 312 + -353.
-12
5 - 19 - (4 - 15)
-3
-3 - (6 - (37 - 25))
3
What is the value of (9 + -1 - (117 - 114)) + (-20 - 2)?
-17
What is the value of -4 + (-40 - (-39 - 25))?
20
11 + 12 + (-12 - 14) + 6
3
Evaluate -751 - -756 - (30 + 1).
-26
(0 - -10) + -2 + 0 + (0 - 0)
8
Calculate (-13 - ((-2 - -5) + -1)) + -8.
-23
(32 - 54) + 29 - -16
23
Evaluate 11 + 3 - (60 - 32).
-14
What is (-8 - (-4 - -13)) + 2 + 0?
-15
What is the value of -17 + 4 - (-5 - 2)?
-6
Calculate 6 - (-10 + (-5 - -4)).
17
What is (-14 - -37 - 23) + (0 - -8)?
8
What is the value of (13 - (-6 + 22)) + -4?
-7
What is the value of (19 - -6) + (6 + -6 + 6 - 7)?
24
What is 1 + -3 + -12 + (-21 - -20)?
-15
Calculate (-64 - -40) + (0 - -9).
-15
Evaluate (39 - 49) + -5 + (-2 - 2).
-19
What is (11 - (-10 + 8)) + (1 - (-3 - -8))?
9
Evaluate 13 + (1 - 5) - (5 - (7 - 11)).
0
16 + (-5 + (5 - 2) - (-8 - 1))
23
Calculate (-7 - (-2 + 4 - (6 - -15))) + -2.
10
-2 - 14 - (49 - 55)
-10
24 - (6 + 0) - 42
-24
What is 20 + -10 - 9 - -11?
12
What is the value of 0 + 3 - (-11 - (-10 + 4))?
8
Calculate 8 - -7 - 47 - -22.
-10
-15 - -2 - ((-1 - -1) + -189 + 186)
-10
What is 4 + (6 - 2) + (-11 - -1)?
-2
What is the value of -1 + (10 - 4) + (-1 - -6) - -2?
12
(99 - 119) + 32 + (9 - 12)
9
Evaluate -6 + (-1 + 10 - (-3 + 11)).
-5
Calculate (2 - 1) + 4 + (9 - 5).
9
Calculate -4 - (-38 + 18 + 0).
16
Evaluate -4 - (-2 - -20) - (11 - 15) - -9.
-9
What is 22 + 9 + -4 + -36?
-9
Evaluate (5 - -14) + -20 - 11.
-12
Calculate (-50 - -43) + (0 - 2).
-9
(-271 - -266) + (-3 + 1 - 3)
-10
What is the value of -10 - ((10 - 10 - 9) + 0)?
-1
41 + -2 + (4 + -41 - -25)
27
What is the value of (-9 - -23 - 16) + -3?
-5
Calculate -55 + 26 - (-2 + -11).
-16
Calculate 18 + (-19 - -19) - 21.
-3
What is the value of 13 - (-1 + 1) - (-653 - -649)?
17
What is 10 - 21 - 5 - -16?
0
What is the value of 5 - -2 - (19 - (6 + (-8 - -5)))?
-9
7 - (12 - (21 - 14))
2
Evaluate -13 - (-22 + -3 - -23).
-11
What is the value of 28 + (-33 - -20) - -5?
20
(14 - 3) + 1 + 612 + -623
1
What is -31 + -8 + 36 - -9?
6
(4 - 6) + -4 + 12 + -14 + -4
-12
What is the value of 33 + -12 - (-5 - (5 + -18))?
13
Calculate -8 - -9 - (-30 + 6 - -11).
14
What is (-9 + 7 - 39) + 27?
-14
What is the value of -2 + 6 + -25 - -16 - (0 + 9)?
-14
What is 36 - (-15 + (-18 + 15 - -35))?
19
Calculate 10 - (53 + -17 - 20).
-6
What is (-7 - 0) + -11 + (1 - -1)?
-16
Calculate -33 - 0 - (64 - (55 - -28)).
-14
What is -7 + -1 - ((37 + -25 - 37) + 1)?
16
What is the value of (2 + 11 - -9 - 7) + -26?
-11
What is (11 - 2) + -13 + 3 + 1?
0
What is the value of -114 - -140 - (7 + 28)?
-9
Evaluate -21 + 34 + -27 + 1.
-13
Evaluate -16 - (-3 + -5) - -17.
9
Calculate 2 + -6 - (-77 + 76) - (0 - 5).
2
10 - (37 + 1 + (-10 + -4 - -7))
-21
(9 - 6) + 0 - (4 + 5)
-6
Calculate 10 + 10 + (-34 - -7).
-7
Evaluate (5 - (12 - 7)) + -4 - -12.
8
Evaluate -11 + (-5 - -6 - 0) - (-1 - 1).
-8
Evaluate 2 + 0 + -5 + -15 + 12 + 12.
6
What is -2 + 9 + (-20 - 11 - -33)?
9
(-2 + 2 - (-82 - -94)) + 9
-3
Calculate -5 - ((8 - 24 - (1 + 2)) + 3).
11
Calculate -8 + 19 + (-4 - -2) + 1 + -3.
7
Calculate (1 - (12 + -5)) + 4 + -1 - 5.
-8
0 - 10 - (202 - 193)
-19
Calculate -14 + (-23 - (-13 + -14)).
-10
Calculate (-5 - (-43 + 23)) + (-4 - (1 + 0)).
10
(20 - 5) + -1 + -5 + 3 + 0
12
What is (0 - (-17 - -8)) + (0 - (5 + -8))?
12
-6 + 10 - (-18 + 13) - 16
-7
What is the value of (-8 - -12 - (3 + 2)) + 2 + 17?
18
What is -15 - ((-2 - (0 - (-8 - -5))) + -6)?
-4
What is (2 - 2) + -6 + 19 + 1 + -12?
2
-2 + (5 - (-20 - -10))
13
Evaluate 14 + (3 - (-23 + 34)).
6
What is -6 - (-40 + 17) - 5?
12
Calculate 6 + -3 + 2 - (0 + -4).
9
What is 2 + 1 + (-5 - 0) - (-23 + 37)?
-16
Evaluate 2 + (3 - 6) + -6 + 17.
10
Calculate 31 + (1 - (-6 - -18)).
20
What is the value of 23 + -38 + (50 - 22)?
13
19 - (-10 - (4 + -6 + -5 + -8))
14
What is the value of 4 + -30 - -39 - -1?
14
Evaluate -2 + (26 - 3) - 25.
-4
What is (1 - 7) + -5 + (2 - (-6 - -11))?
-14
Calculate (5 - (8 + -10) - (0 + 1)) + -2.
4
-13 - (8 + -21 - -8)
-8
Calculate -14 - ((-21 - -10) + 7).
-10
What is -27 + 37 + -16 - (1 + -1)?
-6
Calculate -22 + 17 + (17 - -9).
21
What is 65 - (88 - 42 - 4)?
23
What is -164 + 168 + -11 + (2 - -1)?
-4
Calculate 37 + -1 + (1450 - 1499).
-13
-16 + (22 - 16 - -12)
2
-18 + (-9 - (-22 - -20))
-25
0 - 26 - (43 + -72)
3
What is (-3 - -5) + 1 + -8 + 19?
14
What is the value of 3 - (29 + -37) - 18?
-7
What is (-1 - -9 - 12 - -6) + 8?
10
What is -8 - -1 - (24 + -18 - -2)?
-15
8 - 32 - -21 - 25
-28
Evaluate -565 - -585 - (-1 + 4 + 12).
5
What is 59 - (10 + -7 + 31)?
25
What is the value of 3 - (17 + 19 + -11)?
-22
Calculate 17 + -45 + 14 + 5 - -13.
4
What is the value of (2 - 3 - 7) + (72 - 64) + 14?
14
Evaluate (-2 - -2) + 7 - (-4 - (-4 + 3)).
10
-20 + 34 + (-4 - 20)
-10
What is -9 - (-37 + 19) - (2 - -3)?
4
38 - (74 - (-4 + 44))
4
Evaluate (16 - 4) + (-7 - 3) + 14.
16
What is the value of -806 + 811 - (-21 + 2)?
24
10 + (2 - 1 - (-15 + 11) - 7)
8
What is the value of -2 - (-4 + -22 - (-11 - -2))?
15
Evaluate 16 + (-14 - -6) - 1 - -5.
12
Evaluate -13 - (-4 + (-3 - (-6 - -4))).
-8
What is the value of -2 + -21 - (202 - 234)?
9
-1 - ((9 - 12) + 4 + -2)
0
What is -2 - -22 - (100 - 96)?
16
Calculate 38 - 29 - (15 - -12).
-18
What is the value of 46 + -99 + 45 + (-2 - -17)?
7
What is the value of -5 - ((1 - 7) + 6)?
-5
Evaluate 3 + (3 - 13) - (-4 - -11 - -5).
-19
Calculate (-22 - -16) + (0 - (-4 + 6 + -6)).
-2
What is 2 - (4 + 10 + 2 + -4 + -4)?
-6
Calculate 20 - (-26 + 62 + 9).
-25
Calculate 1 + (2 - 6) - (12 - 20) - 18.
-13
-15 + (0 - (11 + -16))
-10
(-1 - (-8 + -10) - 5) + -9
3
Evaluate 9 + 10 + -11 - 16.
-8
Calculate -14 + (13 - 14 - -5).
-10
-21 + 0 + 40 - 23
-4
What is the value of 6 - (-20 + (-2 - 6) + (6 - -5))?
23
44 + -42 + (1 - -1 - 11)
-7
Evaluate 25 - (23 - (-17 - -19)).
4
Evaluate (5 + -22 - -6) + 2 + 6.
-3
Calculate (-5 - -5) + 8 + (-2 - -2) + -23.
-15
-187 + 228 - (23 + 1)
17
What is the value of (0 - 2) + 6 + (-2 - 2) + 20?
20
What is the value of -78 - -104 - (3 + -2 + 3)?
22
What is the value of (-1 - -6 - (8 + 5)) + 10?
2
Calculate -1 + 4 + 2 + -11 - (-43 + 48).
-11
13 - (19 + 0 - (167 - 166))
-5
What is -5 - 18 - (-27 - -11)?
-7
0 + -1 + 10 + 2 - (229 + -229)
11
21 + (-4 - -19 - 46)
-10
38 - (9 + -15 - -16)
28
What is the value of -22 + (43 - 49) + (-2 - -2)?
-28
Calculate 4 - ((-9 - (13 - 22)) + 10 + -1).
-5
Evaluate 1 + 9 - (-38 + 7 + 40).
1
What is -3 + (13 - 16) + 4?
-2
What is the value of 277 + -279 - (0 + -3 - 7)?
8
Calculate 3 + (14 - (18 + -8)).
7
Calculate -35 + (32 - 16) + (1 - -10).
-8
Calculate 6 + (3 - 6) + 1 + 3 - 18.
-11
(2 - (-13 + 26 + 7)) + -1 + 13
-6
What is 40 - (19 - -1) - 13?
7
What is (3 - (42 + -21)) + -12?
-30
Evaluate (618 - 608) + (2 + -4 - -11).
19
Evaluate 15 + (-9 + 3 - 12).
-3
(-1 + 6 + -3 - 7 - -8) + 7
10
What is -9 - (-3 + -5 + (15 - 10) + 0)?
-6
What is the value of -2 + 0 - (54 + -43)?
-13
What is the value of 0 + -12 + 13 + 11 - -7?
19
-18 - (-65 + (-46 - -91))
2
Evaluate -29 - -32 - -4 - (-10 + -1 + 3).
15
What is (14 - 9) + (-2 - (1 - 8)) + -5?
5
What is the value of -1 + 16 + -26 + 10?
-1
What is 3 + -24 + (-10 - -30)?
-1
Calculate -17 + (-299 - -301) + (-1 - (-1 + -1)).
-14
Evaluate (0 - 12) + (303 - 325) + (-1 - -48).
13
Evaluate (4 - 10 - 0) + (-5 - (19 - 8)).
-22
Calculate 1 - (-11 - -11 - 7).
8
Calculate 13 - (-1 + (45 - 23)).
-8
What is the value of -6 - (-4 + -6) - -8?
12
What is -8 + 0 - (4 - 22) - (-3 - 4)?
17
What is (16 + 2 - 38) + (5 - -6)?
-9
What is 255 - 298 - (1 - 74)?
30
Calculate 0 + (7 - 9) + (1 - 10) + 4.
-7
Calculate (5 - (-14 + 14)) + 7 + (13 - 0).
25
Evaluate (-6 - (-5 + (3 - 7))) + -2.
1
Evaluate 11 - (10 + (-10 - (-5 - -4))).
10
Calculate -4674 - -4679 - (2 + -1 + 0 + 21).
-17
Evaluate 13 + (-2 + -5 - -13) + -9.
10
-10 + -11 - (10 - 23)
-8
What is (0 - -1 - 3) + (-345 - -353) - -10?
16
Evaluate 45 + -11 + (6 - (-4 - (-2 + -10))).
32
What is the value of (-4 + 51 - 24) + 8?
31
Calculate (-24 - (-24 + -10)) + 3.
13
Calculate (0 - (7 + 1)) + (176 - 166).
2
-33 + 28 + -8 + -17
-30
Calculate (3 - (-6 + 3)) + -11.
-5
Calculate -